11111100?
10111101101
In base 2, what is -100 + 1110010001110?
1110010001010
In base 10, what is 2 + -16501?
-16499
In base 3, what is 22 + -110222011?
-110221212
In base 6, what is 114520 - 10?
114510
In base 13, what is -19 - -1b05?
1ab9
In base 12, what is -1699 + a?
-168b
In base 7, what is -505 + -33453?
-34261
In base 11, what is -6966 - 3?
-6969
In base 9, what is -23238 + -6?
-23245
In base 4, what is -101 - 200220013?
-200220120
In base 3, what is -12 - 1200200001002?
-1200200001021
In base 2, what is 11011011110010 + -1100011?
11011010001111
In base 6, what is 214512 + -2?
214510
In base 6, what is -23 - 111352?
-111415
In base 7, what is 1 - 201652?
-201651
In base 6, what is 335154 + 12?
335210
In base 8, what is 4 - 470317?
-470313
In base 13, what is -aa3 - 69?
-b3c
In base 13, what is 4 + -1432?
-142b
In base 15, what is 1a58 + 7?
1a60
In base 12, what is 3 - -4155?
4158
In base 15, what is -3 - 1d0e4?
-1d0e7
In base 15, what is 11c72 + -50?
11c22
In base 3, what is -102210021021 - -1?
-102210021020
In base 4, what is 303222001 + -11?
303221330
In base 4, what is 33 + 31202322?
31203021
In base 14, what is -cd - 34c?
-43b
In base 13, what is 1b07 - -1?
1b08
In base 2, what is 11 - 110011100100101?
-110011100100010
In base 15, what is 2273 - 19?
2259
In base 3, what is -21121 + -12111?
-111002
In base 4, what is 10300 + -20212?
-3312
In base 9, what is -2165 + -5?
-2171
In base 16, what is -4 + 448c?
4488
In base 3, what is -2 + 2122210012?
2122210010
In base 3, what is -12 - -110120222?
110120210
In base 14, what is 2407 - 55?
2392
In base 2, what is 100110000000101110 - -1?
100110000000101111
In base 16, what is -4 - -3a66a?
3a666
In base 6, what is -1 + 1250031?
1250030
In base 16, what is -110 + 93?
-7d
In base 9, what is -88470 - -2?
-88467
In base 2, what is -11001011 + -1010111?
-100100010
In base 9, what is 443245 + -5?
443240
In base 8, what is 65404 - -2?
65406
In base 11, what is 1 + 12446?
12447
In base 6, what is -1445140 + -4?
-1445144
In base 10, what is 0 + 130090?
130090
In base 11, what is 1 + -256a?
-2569
In base 5, what is -214113 - 3?
-214121
In base 8, what is 132 - -1610?
1742
In base 4, what is 302121 - 0?
302121
In base 8, what is 100 + -4447?
-4347
In base 5, what is -421 - 32240?
-33211
In base 4, what is -112 + -1200323?
-1201101
In base 14, what is 1b - 5547?
-552a
In base 2, what is -10010 + -1101111110010001?
-1101111110100011
In base 16, what is 2 - 9153?
-9151
In base 7, what is -1554 - -13626?
12042
In base 3, what is 0 - 101200111?
-101200111
In base 3, what is -21201121 - 220?
-21202111
In base 12, what is 13ab + 29a?
1689
In base 9, what is -4 + 458637?
458633
In base 6, what is -13112500 - 4?
-13112504
In base 7, what is 31 - -154101?
154132
In base 16, what is 5 + bbf3?
bbf8
In base 5, what is 1223 + 12421?
14144
In base 2, what is 111010 + 10100110010?
10101101100
In base 3, what is 1221 - -21011222?
21020220
In base 13, what is 297 - -441?
708
In base 15, what is 96 - 23d?
-197
In base 10, what is -5698 - 29?
-5727
In base 15, what is 675 - -1b?
691
In base 8, what is -5 + 25263?
25256
In base 3, what is -11100 - 121122?
-202222
In base 15, what is -4 - -9d8cc?
9d8c8
In base 11, what is -186a9 - 2?
-18700
In base 10, what is 5 - -47849?
47854
In base 16, what is 1a - f7d?
-f63
In base 6, what is 115 + 33142?
33301
In base 9, what is -3505 + 11?
-3484
In base 16, what is -5 - f31a?
-f31f
In base 14, what is -566a + 1a8?
-54a2
In base 6, what is 1 + -1115121?
-1115120
In base 3, what is -11021012 + 122?
-11020120
In base 6, what is 0 - -2514?
2514
In base 12, what is 4 - 5bb9?
-5bb5
In base 15, what is 18e0b0 - -5?
18e0b5
In base 8, what is 12 + -15650?
-15636
In base 11, what is -73 - 763?
-826
In base 8, what is -10 - 46767?
-46777
In base 9, what is -187 - -112?
-75
In base 15, what is -158aa - -7?
-158a3
In base 14, what is -8 + -15192?
-1519a
In base 7, what is 2336 - 142?
2164
In base 9, what is 5 + -1401?
-1385
In base 12, what is 70a - -40?
74a
In base 13, what is -26910 + 8?
-26905
In base 15, what is -9 + -52b41?
-52b4a
In base 12, what is -4 - b871?
-b875
In base 14, what is 10603a + 2?
10603c
In base 11, what is 12 - -2163?
2175
In base 2, what is 101 - 1101000110001101110?
-1101000110001101001
In base 16, what is 33bf0 + -4?
33bec
In base 6, what is 10 - 130442?
-130432
In base 4, what is 101 + -21312?
-21211
In base 12, what is -4 - -3363a9?
3363a5
In base 6, what is -5213 + -40?
-5253
In base 2, what is -111111101001010 + -10?
-111111101001100
In base 15, what is -7c4 + -57?
-82b
In base 14, what is 17 + -190a?
-18d3
In base 2, what is 101101111111100 + 101?
101110000000001
In base 6, what is -5142 - 252?
-5434
In base 6, what is 132 - 22053?
-21521
In base 12, what is -5 + 8574?
856b
In base 10, what is 0 + -119837?
-119837
In base 11, what is 59 - -16568?
16616
In base 7, what is 5000 + -6?
4661
In base 15, what is c - -94d7?
94e4
In base 9, what is -2638 - -14?
-2624
In base 16, what is -90 - -20?
-70
In base 15, what is -17 + 6ee?
6d7
In base 9, what is 1 - 2060?
-2058
In base 10, what is 2 - -11065?
11067
In base 10, what is -1644 - 71?
-1715
In base 10, what is 2 + -10876?
-10874
In base 8, what is -1103746 - -5?
-1103741
In base 12, what is 779a8 + 2?
779aa
In base 12, what is 2b2 + 3010?
3302
In base 3, what is 10121001021 + -12?
10121001002
In base 15, what is 41 - b4?
-73
In base 13, what is 8700 - -1?
8701
In base 4, what is -11030 - 1221?
-12311
In base 7, what is 4263532 + -3?
4263526
In base 5, what is 434 + 123202?
124141
In base 11, what is 2795 + 2?
2797
In base 11, what is 15366 - -3?
15369
In base 10, what is 12474 + -5?
12469
In base 7, what is 245 + 302?
550
In base 16, what is 39ed + 2?
39ef
In base 7, what is -35 + -4151?
-4216
In base 4, what is 11301133210 + -2?
11301133202
In base 9, what is 31372 + 8?
31381
In base 13, what is -18 - -a60?
a45
In base 8, what is -3 - 6427?
-6432
In base 16, what is 1a5a - 33?
1a27
In base 10, what is 1164 - -91?
1255
In base 7, what is 2 - 13363123?
-13363121
In base 11, what is 300 - -198?
498
In base 4, what is 10230013 - 2?
10230011
In base 3, what is 1200 + -1110002?
-1101102
In base 8, what is -1616 - -11370?
7552
In base 15, what is -a - 28238?
-28243
In base 7, what is -10 - 1056?
-1066
In base 11, what is -20 + -95750?
-95770
In base 11, what is -18 - -2573?
2556
In base 10, what is -578583 - 0?
-578583
In base 13, what is -2a + -b08?
-b35
In base 2, what is -100011000 - 10000111?
-110011111
In base 6, what is -1110 - 10313?
-11423
In base 6, what is -205 - 33?
-242
In base 2, what is -100111010000000011010 - 101?
-100111010000000011111
In base 14, what is 600 - 20?
5c0
In base 5, what is 430 - -332?
1312
In base 6, what is -24014544 - 2?
-24014550
In base 14, what is -1 + 10dbd?
10dbc
In base 8, what is -41 + -277210?
-277251
In base 6, what is 2 - 21054354?
-21054352
In base 16, what is -5 - -6124?
611f
In base 13, what is -b - -c1a8?
c19a
In base 12, what is -35 - -1385?
1350
In base 4, what is 11310 - -221?
12131
In base 5, what is -43412 + 21?
-43341
In base 12, what is -11130 - -14?
-11118
In base 11, what is 1385 + 51?
1426
In base 3, what is 11 - 10010011101?
-10010011020
In base 2, what is 1 + 1000101100010100001?
1000101100010100010
In base 2, what is 10110100 - 100100000011010?
-100011101100110
In base 3, what is -10021011 - 122?
-10021210
In base 6, what is -5 - -1130024?
1130015
In base 13, what is -48881 + -b?
-4888c
In base 9, what is -668 - -658?
-10
In base 14, what is -2 - 47a0?
-47a2
In base 5, what is 34134 - 203?
33431
In base 4, what is 103 - -2323020?
2323123
In base 6, what is 54401 + -350?
54011
In base 10, what is 921 + 135?
1056
In base 14, what is 119a4 - 3a?
11968
In base 12, what is a29 - 132?
8b7
In base 9, what is 4543 - -206?
4750
In base 2, what is 10100010 - 1010011000010?
-1010000100000
In base 11, what is 1459163 + -3?
1459160
In base 12, what is 508 - -233?
73b
In base 6, what is 55120 + 11?
55131
In base 6, what is 4044 + 124?
4212
In base 5, what is -11120001414 + 10?
-11120001404
In base 4, what is 3222 + -13013?
-3131
In base 15, what is -d + 96d?
960
In base 12, what is 214 + 7?
21b
In base 12, what is 230a9 - 2?
230a7
In base 12, what is -12415 - 51?
-12466
In b